{"id":46,"date":"2026-03-17T20:22:22","date_gmt":"2026-03-17T23:22:22","guid":{"rendered":"https:\/\/petsaude-univasf.duckdns.org\/?page_id=46"},"modified":"2026-03-26T20:33:10","modified_gmt":"2026-03-26T23:33:10","slug":"o-que-e-diabtes","status":"publish","type":"page","link":"https:\/\/petsaude-univasf.duckdns.org\/?page_id=46","title":{"rendered":"O que \u00e9 diabetes?"},"content":{"rendered":"\n<p>Diabetes \u00e9 uma doen\u00e7a cr\u00f4nica caracterizada pelo aumento do a\u00e7\u00facar no sangue. Isso acontece quando o organismo n\u00e3o produz insulina suficiente ou n\u00e3o consegue us\u00e1-la corretamente. Segundo a Sociedade Brasileira de Diabetes, o diabetes pode n\u00e3o apresentar sintomas no in\u00edcio, mas sem controle adequado pode causar complica\u00e7\u00f5es nos olhos, rins, cora\u00e7\u00e3o, nervos e p\u00e9s. Por isso, \u00e9 fundamental realizar exames regularmente, manter alimenta\u00e7\u00e3o saud\u00e1vel, praticar atividade f\u00edsica, usar corretamente os medicamentos e fazer acompanhamento de sa\u00fade para prevenir complica\u00e7\u00f5es e garantir qualidade de vida.<\/p>\n\n\n\n<p class=\"has-text-align-right\">Fonte: Sociedade Brasileira de Diabetes<\/p>\n\n\n<div style=\"background-color: #ffffff; padding: 25px; border-radius: 12px; box-shadow: 0 4px 12px rgba(0,0,0,0.08); border-top: 5px solid #f4a000;\">\n  <h3 style=\"margin-top: 0; margin-bottom: 20px; font-family: sans-serif; color: #2d7a68; font-size: 1.4em;\">Sinais de Alerta<\/h3>\n\n  <label style=\"display: block; margin-bottom: 12px; background: #fafafa; border: 1px solid #e0e0e0; padding: 15px; border-radius: 8px; cursor: pointer; font-family: sans-serif; color: #333;\">\n    <input type=\"checkbox\" class=\"chk-diabetico\" onclick=\"alertaDiabetico()\" style=\"margin-right: 10px; transform: scale(1.2);\"> Glicemia >300 mg\/dl\n  <\/label>\n\n  <label style=\"display: block; margin-bottom: 12px; background: #fafafa; border: 1px solid #e0e0e0; padding: 15px; border-radius: 8px; cursor: pointer; font-family: sans-serif; color: #333;\">\n    <input type=\"checkbox\" class=\"chk-diabetico\" onclick=\"alertaDiabetico()\" style=\"margin-right: 10px; transform: scale(1.2);\"> Tremores\n  <\/label>\n\n  <label style=\"display: block; margin-bottom: 12px; background: #fafafa; border: 1px solid #e0e0e0; padding: 15px; border-radius: 8px; cursor: pointer; font-family: sans-serif; color: #333;\">\n    <input type=\"checkbox\" class=\"chk-diabetico\" onclick=\"alertaDiabetico()\" style=\"margin-right: 10px; transform: scale(1.2);\"> Suor frio\n  <\/label>\n\n  <label style=\"display: block; margin-bottom: 12px; background: #fafafa; border: 1px solid #e0e0e0; padding: 15px; border-radius: 8px; cursor: pointer; font-family: sans-serif; color: #333;\">\n    <input type=\"checkbox\" class=\"chk-diabetico\" onclick=\"alertaDiabetico()\" style=\"margin-right: 10px; transform: scale(1.2);\"> Confus\u00e3o mental\n  <\/label>\n\n  <div id=\"msg-diabetico\" style=\"display: none; margin-top: 20px; padding: 20px; background-color: #fff3e0; border-left: 5px solid #f4a000; border-radius: 8px; text-align: center; font-family: sans-serif;\">\n    <p style=\"color: #d84315; font-weight: bold; font-size: 1.1em; margin-top: 0; margin-bottom: 15px;\">\n      \u26a0\ufe0f Procure sua UBS ou servi\u00e7o de sa\u00fade\n    <\/p>\n    <a href=\"https:\/\/petsaude-univasf.duckdns.org\/?page_id=75\" style=\"display: inline-block; background-color: #2d7a68; color: #ffffff; padding: 12px 24px; text-decoration: none; border-radius: 6px; font-weight: bold; font-size: 0.95em;\">\n      Buscar meu ACS \/ UBS\n    <\/a>\n  <\/div>\n<\/div>\n\n<script>\n  function alertaDiabetico() {\n    var checkboxes = document.querySelectorAll('.chk-diabetico');\n    var mensagem = document.getElementById('msg-diabetico');\n    var algumMarcado = Array.from(checkboxes).some(box => box.checked);\n    mensagem.style.display = algumMarcado ? 'block' : 'none';\n  }\n<\/script>","protected":false},"excerpt":{"rendered":"<p>Diabetes \u00e9 uma doen\u00e7a cr\u00f4nica caracterizada pelo aumento do a\u00e7\u00facar no sangue. Isso acontece quando o organismo n\u00e3o produz insulina suficiente ou n\u00e3o consegue us\u00e1-la corretamente. Segundo a Sociedade Brasileira [&hellip;]<\/p>\n","protected":false},"author":1,"featured_media":0,"parent":0,"menu_order":0,"comment_status":"closed","ping_status":"closed","template":"","meta":{"footnotes":""},"class_list":["post-46","page","type-page","status-publish","hentry"],"_links":{"self":[{"href":"https:\/\/petsaude-univasf.duckdns.org\/index.php?rest_route=\/wp\/v2\/pages\/46","targetHints":{"allow":["GET"]}}],"collection":[{"href":"https:\/\/petsaude-univasf.duckdns.org\/index.php?rest_route=\/wp\/v2\/pages"}],"about":[{"href":"https:\/\/petsaude-univasf.duckdns.org\/index.php?rest_route=\/wp\/v2\/types\/page"}],"author":[{"embeddable":true,"href":"https:\/\/petsaude-univasf.duckdns.org\/index.php?rest_route=\/wp\/v2\/users\/1"}],"replies":[{"embeddable":true,"href":"https:\/\/petsaude-univasf.duckdns.org\/index.php?rest_route=%2Fwp%2Fv2%2Fcomments&post=46"}],"version-history":[{"count":4,"href":"https:\/\/petsaude-univasf.duckdns.org\/index.php?rest_route=\/wp\/v2\/pages\/46\/revisions"}],"predecessor-version":[{"id":133,"href":"https:\/\/petsaude-univasf.duckdns.org\/index.php?rest_route=\/wp\/v2\/pages\/46\/revisions\/133"}],"wp:attachment":[{"href":"https:\/\/petsaude-univasf.duckdns.org\/index.php?rest_route=%2Fwp%2Fv2%2Fmedia&parent=46"}],"curies":[{"name":"wp","href":"https:\/\/api.w.org\/{rel}","templated":true}]}}